e w(d). Calculate the greatest common factor of 3 and a.
3
Let f be 0 + 1 - -6 - -2. Suppose 0*a = -a + 1. Calculate the highest common factor of a and f.
1
Let z = -154 + 218. Suppose 17 = 4*u - 3*n, u - 2*n - 11 + 3 = 0. Let g(x) = 9*x - 2. Let d be g(u). What is the highest common divisor of z and d?
16
Let v = 9 - 6. Suppose -v + 17 = m. What is the highest common factor of 2 and m?
2
Let s = 2 + -1. Let q(f) be the second derivative of -f**4/12 + 19*f**3/6 - 25*f**2/2 + 2*f. Let x be q(17). Calculate the greatest common divisor of s and x.
1
Let f = -42 - -26. Let w = 7 - -11. Let y = w - f. What is the greatest common divisor of 85 and y?
17
Suppose -2*i + 15 = -b, i + 7*b - 12 = 3*b. What is the highest common factor of 1 and i?
1
Let x(z) = z**3 - z**2 + z + 1. Let o be x(-1). Let s be (3/(-5))/(o/30). Let y be s + 4/(-2) - 2. What is the highest common factor of 10 and y?
5
Suppose 0 = -5*j - 0*v + 3*v - 51, -3*j + 3*v - 33 = 0. Let c be 3/j*(0 - 42). What is the greatest common divisor of 14 and c?
14
Let p = -81 + 86. Let k be 1 + -1 + -71 + 1. Let u be (k/(-6))/(2/6). What is the greatest common divisor of p and u?
5
Suppose 4*j - 277 = 3. Calculate the greatest common divisor of j and 14.
14
Suppose -445 = -4*a - 93. Calculate the highest common divisor of a and 11.
11
Let p = -55 + 155. Suppose -t + p = t. Suppose -f = 2*q - 39 + 9, 5*f + 2*q - 110 = 0. Calculate the greatest common factor of t and f.
10
Suppose 0 = 31*y - 26*y - 115. Suppose 0 = j + j - 184. Calculate the highest common divisor of y and j.
23
Suppose -2*m - 8*m + 2340 = 0. Suppose -2*t + 134 = 5*a, 4*a - 59 = -t + 47. Calculate the highest common factor of a and m.
26
Let q = 33 - 6. Suppose -3*v = -3*j, -5*v + 13 = 5*j - q. Calculate the greatest common divisor of j and 12.
4
Let b = -46 - -71. Let f = b + -12. What is the highest common divisor of 143 and f?
13
Let u = 41 + -25. Calculate the highest common factor of 112 and u.
16
Let c(v) = v**3 - 3*v**2 - 2*v + 2. Let l be c(2). Let w = 2 - l. What is the highest common divisor of 24 and w?
8
Suppose b = 6 - 2. Suppose 462 - 163 = 5*m - 4*c, -c + b = 0. Calculate the greatest common factor of m and 7.
7
Let k = -6 + 7. Let h be k + 1 - 12/(-2). Calculate the greatest common divisor of h and 8.
8
Suppose -3*d + 4*d - 60 = -4*i, -2*d = 0. What is the highest common divisor of 3 and i?
3
Let m = -11 - -15. Let g = 25 - 9. Calculate the greatest common divisor of m and g.
4
Suppose t + 2 = 4. Let n = 64 - 42. Calculate the highest common factor of n and t.
2
Let y(d) = -d + 5. Let r be y(2). Suppose 3*w - r*j - 42 = 0, 2*j - 9 = -w - 2*j. What is the greatest common factor of w and 26?
13
Let n be (0 - (-10)/3)/((-4)/(-156)). What is the greatest common divisor of 52 and n?
26
Let b be (2/(-6))/((-3)/27). Suppose 0 = -5*r + 35 - 315. Let w = 89 + r. What is the greatest common factor of w and b?
3
Let y(z) = z**2 - z + 3. Let g be y(7). Let k be 1*(4 + -4) - -9. Calculate the greatest common factor of k and g.
9
Let r = -9 + 14. Suppose -f = -r*f + 72. Calculate the highest common factor of f and 18.
18
Let j = -19 - -20. Calculate the greatest common factor of 17 and j.
1
Suppose -90 = -4*u + 2*u. Suppose -2*z = -15 - u. What is the highest common divisor of 10 and z?
10
Let j(c) be the first derivative of 3*c**4/4 + 5*c**3/3 - c**2 - c + 4. Let o be j(3). What is the greatest common factor of 17 and o?
17
Suppose 0*x - 24 = -2*x. What is the greatest common factor of 12 and x?
12
Suppose 0 = 3*i - i - 36. What is the greatest common factor of i and 90?
18
Let k(s) be the first derivative of -s**4/4 + 2*s**3 - 8*s + 3. Let z be k(6). Let o be (z/(-10))/(2/10). What is the highest common divisor of o and 4?
4
Suppose -2629 = 2*d - 5*r, 0 = d + d + 2*r + 2650. Let m = -894 - d. Let b be m/12 - (-2)/(-3). What is the highest common factor of b and 5?
5
Let s(j) = -6*j. Let v be s(-3). Let h = v + -9. Suppose 7 = 2*m + 3*m + b, -h = 3*m + 5*b. Calculate the greatest common divisor of 16 and m.
2
Suppose -3*w = 3*i + 17 + 4, 0 = -4*w + 4*i - 44. Let q = 6 + w. Let b = 0 - q. Calculate the greatest common divisor of 3 and b.
3
Suppose -20 = 3*j - 158. Let c = j - 2. Suppose 6*r + 16 = 2*r, -r - c = -5*s. Calculate the greatest common divisor of 2 and s.
2
Suppose 10 - 7 = g. What is the highest common divisor of 3 and g?
3
Let b = 8 - 3. Suppose -b*y + 17 = -w, 3*w + 5 = -w - y. Let h be (1 + w)/(2/(-16)). Calculate the highest common divisor of 2 and h.
2
Suppose 5*o = 29 + 41. Calculate the greatest common divisor of o and 28.
14
Let m be 1*2 - (-10)/((-30)/(-63)). Calculate the greatest common factor of m and 46.
23
Let u(r) = 13*r - 7*r + 8 - 7*r. Let w be u(7). What is the highest common divisor of w and 8?
1
Suppose 3*o - 20 = 8*o. Let g = 3 + o. Let p be 4*(0 + (-1)/g). Calculate the greatest common divisor of 20 and p.
4
Let t be (-2)/(-3) - 28/(-3). Let m = 5 - 3. Let l be ((-60)/1)/(m/(-3)). What is the greatest common factor of t and l?
10
Let d be 6/(3 + 45) - 1631/(-8). Calculate the highest common divisor of d and 12.
12
Suppose 0 = -2*x - 5*j + j + 116, 2*x - 5*j = 80. Let o(h) = -h**2 + 8*h + 4. Let l be o(4). What is the greatest common factor of l and x?
10
Let b be 256 + (-12 - (-6 - -2))/(-2). What is the highest common divisor of b and 104?
52
Let f(m) = -m**2 - 5*m - 2. Let a be f(-4). Let y be ((-17)/(-51))/(14/12 + -1). Calculate the greatest common divisor of a and y.
2
Let o(t) = t**2 - 2*t. Let h be o(3). Suppose -h*r = -0*r - 90. What is the greatest common factor of r and 75?
15
Let n be -2 + 16/7 + 3230/14. What is the greatest common factor of 21 and n?
21
Suppose 4*a - 257 - 23 = 0. Calculate the greatest common factor of 10 and a.
10
Suppose 7*j + 0 - 350 = 0. Let f be (2 - 1) + 10 + -1. Calculate the highest common divisor of f and j.
10
Let w(h) = h**2 + h - 8. Let m be w(4). Suppose -y = 2*a - 100, 172 = 2*y + 5*a - 24. What is the greatest common divisor of m and y?
12
Suppose -g = g. Suppose g = -d + 4*l + 18 - 4, -1 = d + l. Suppose d*j + 3*j = 100. What is the greatest common divisor of j and 10?
10
Let c = 79 + -62. What is the highest common divisor of c and 221?
17
Suppose -4*q - 2 = -6. Let g be (-7 - (-4 - 1))/(2/(-7)). What is the highest common divisor of q and g?
1
Let a = 7 + -7. Let o be a + 0 + -4 + 8. What is the greatest common factor of 12 and o?
4
Let o(r) = r**3 + 13*r**2 + 9*r - 17. Let v be o(-12). Suppose 4*b = 5*b - 209. What is the highest common factor of b and v?
19
Suppose c + 2*i = -20, -56 = 4*c + 4*i + 12. Let o be 1/2 + 749/c. Let g = -35 - o. What is the greatest common divisor of 126 and g?
18
Suppose 0*h = -2*h + 2. Let r = h - -1. Calculate the highest common factor of 2 and r.
2
Let t = -13 + 22. Suppose -8 = -p + 73. What is the greatest common divisor of t and p?
9
Let o be 3*3/9 - -29. Suppose 5*x - 90 - o = 0. Suppose -4*u = -0*u - 24. What is the greatest common factor of x and u?
6
Let m(n) = -n**3 + 9*n**2 + n + 4. Let b be m(9). Suppose 84 - 24 = -5*u. Let i = 25 + u. Calculate the highest common factor of b and i.
13
Suppose 2*h - y + 16 + 8 = 0, -8 = 2*h + 3*y. Let z be (-21 - -1)*4/h. Let g = 3 + z. What is the highest common factor of g and 99?
11
Let k(f) = 5*f - 2. Let j = -6 + 9. Let c be k(j). Let d = -72 + 124. What is the highest common divisor of c and d?
13
Let h(s) = 3*s**2 - 2. Let j be h(-2). Calculate the highest common factor of j and 50.
10
Let q(v) = 2*v - 3. Let w be q(4). Suppose w*g - 3*g - 5*i = 1, -5*g + i = -37. What is the greatest common factor of g and 8?
8
Let q be (-2)/(6/(-3))*31. What is the highest common divisor of 217 and q?
31
Suppose 0 = 5*b + 5*w - 30, -b + 5*w - 2 - 22 = 0. Suppose l - 4*l + 12 = 0. What is the highest common factor of b and l?
1
Suppose 4*g - 3*w = 605, -8 = 5*g - 3*w - 765. What is the greatest common factor of g and 19?
19
Let n(p) = p**3 - 7*p**2 - 10*p. Let t be n(9). Let x = 8 - -1. What is the greatest common divisor of x and t?
9
Let u(k) = k**3 - 11*k**2 + 11*k + 4. Let b be u(10). Suppose 3*y = 5*y - b. Let n be -14*1/(-2)*11. What is the highest common divisor of y and n?
7
Suppose 3*g = 2*g. Suppose g = -5*c - 5*i - 10, 5*i + 2 = -3*c + 6*c. Let b be (0 + c)/(1/(-9)